 (-10 - (-8 - (-7 - 2))) + 7 + -11 + 15.
0
What is (-1604 - -1632) + (-6 + 4 - -21)?
47
What is (0 - -9) + 4 + -5 + (-20 - (7 - 1))?
-18
What is (-1 + 0 - (52 + -43) - 12) + -13?
-35
What is -17 - (1 + -30) - (-1 + -1 + -15)?
29
Evaluate -11 - -1 - (17 - (5 - (-1 - 31)) - -53).
-43
Calculate -3 + 13 - (8 - (10 - (-10 + 25 - 6))).
3
Calculate -4 + -33 + 16 + (-14 - 15) + 0.
-50
(0 - -47) + 1 - ((347 - 49) + -308)
58
What is the value of 18 - (11 - (-15 + 32) - -8) - -15?
31
What is (2 - (20 - -1)) + 1008 + -996 + 20 - 53?
-40
What is the value of 57 + (-70 - -27) + -40 - 74?
-100
Evaluate 51 - (-6 + 110 + 12).
-65
23 + -42 + 26 - (-7 + 3) - -13
24
Evaluate -199 - 1 - (18 + -111).
-107
Calculate 1957 + -1976 - (17 - (-6 - (1 - 4))).
-39
What is (5 - (-2 + -6 - 39 - 0) - -4) + -8?
48
What is (-25 - -63 - 18 - -6) + 44?
70
Evaluate (64 - 1) + 1 + 0 + 59 + -403 + 334.
54
What is the value of 6 - -123 - (-83 - (-131 + 14))?
95
What is 37 + -170 - -44 - -51?
-38
What is 24 - (22 - ((4 - -4) + (0 - -36)))?
46
(123 - 28) + -116 + (2 - -8)
-11
-36 + -20 + 43 + (-2 - -24)
9
What is -44 + (-14 - 0) + (-30 + 55 - 23)?
-56
Calculate -2 - 2 - (-1163 - -1131).
28
Evaluate 9 + 5 + 18 + (-27 - -5 - 16).
-6
What is -27 + 17 + 5 + -5 + 18 + -4 + 11?
15
Calculate -120 + -51 + 39 + 68.
-64
What is the value of -27525 + 27427 + -58 + 2?
-154
Calculate (533 - 629) + 193 + -9.
88
What is the value of (0 - 1) + (8 - (-14 + 44 - 13)) + 72?
62
What is the value of 54 - (2 + -8 + (48 - 37) + -6)?
55
What is 98 - (15 - -40) - 44?
-1
What is the value of -44 - -7 - (((-10 - -8) + 0 - -3) + 6)?
-44
Evaluate (-16 - 1 - (-15 - -6)) + 4 + 5 + 0.
1
What is 73 + -115 - -36 - -20?
14
What is the value of 118 + -115 + (-14 - -94)?
83
What is the value of -191 + 162 + 11 + 27?
9
Evaluate 409 + -409 + (0 + 4 - (10 + -3)) - -69.
66
What is 7 + (36 - 54) - (-2 + 18)?
-27
What is the value of 22 + 4 + -5 - (-18 - (8 - 25))?
22
What is the value of -2 + (-11 - -10) + 4 + 51?
52
What is -31 + (-93 - -83) - (-10 - (-1 - 1))?
-33
Calculate 17 + -4 - (-86 - -187 - 9).
-79
What is -12 + (11 + -3 + 9 - (2 + 7)) - 5?
-9
What is (-98 - 1) + (-30 - -31) + 4 + 3 + 2?
-89
What is the value of -495 + 457 + -9 + -37?
-84
1 - (50 - 0) - ((-9 - -82) + -78)
-44
What is -6 + 8 + -299 + 341?
44
76 + -84 + -5 + 5 + -1 + 20
11
5 + (11 - 22) + (4 - (-7 - -3)) - 44
-42
55 - 33 - -9 - 11
20
What is (2 + -1 + 0 - (-2297 + 2305)) + 19?
12
What is -783 + 698 - ((-1 - 3) + -9 - 1)?
-71
Evaluate 2 + (12 - 8) + 1 + (56 - 12).
51
Evaluate -23 - (-47 + (-2 - -10) - -29).
-13
What is -16 - (-6 - (64 - (-2 + 16)))?
40
Evaluate (60 - 61) + 107 - 39.
67
114 + (-56 - -28 - 26)
60
What is (-9 - 2) + -169 + 176 - -31?
27
-11 - (-12 - (-10 - (12 + (7 - (11 - -2)))))
-15
What is 0 + -155 - (36826 + -36854)?
-127
What is -1 - (-1 - (-1 - 9)) - (-40 - (-54 - 3))?
-27
Calculate 6 - (-4 - -16 - (26 + 3) - 2).
25
What is the value of 12 + 5 + (-17 - (-11 - -13)) + (3 - -2)?
3
What is the value of (-120 + 31 - (6 + -1)) + -272 + 262?
-104
-83 - (-76 + 36 - -6) - 8
-57
Evaluate -11 + -2 + (13 - 36) + 49.
13
Evaluate 151 - (-36 + 40 + -4 + 7 + -1 - 4).
149
Calculate -17 - (-51 + 52 - (-9 + -6)).
-33
-28 - (-1 + 2 + 0 + -11)
-18
What is (2 - -2 - (-16 + -1)) + -2457 + 2439?
3
What is the value of 6 - (-6 - -5) - (26 + (3 - 5) + -2)?
-15
Calculate -43 - (-11 - 26) - (47 + -4).
-49
-88 - -44 - (162 + -171)
-35
What is -20 + (-1 - (-23 + 20)) + 16?
-2
Evaluate -22 + (26 - (-18 + 45)).
-23
What is the value of 3 + 11 + -1 + (-50 + 263 - 121)?
105
What is the value of (-107 - (-179 - -13)) + (-17 - 0)?
42
Evaluate -83 - -159 - (-1 - -16).
61
Calculate -253 + 249 + -61 + -4 + 11 + 8 + -2.
-52
-9 + 25 + 46 + -44 + 60
78
Evaluate 2 + 101 - (130 - 61 - 40).
74
-19 + -71 - (-285 - -189)
6
-11 - (-76 - (-27 - -29 - (-15 + 0)))
82
Evaluate 69 + (-20 - 0 - (844 + -842) - -8).
55
Calculate 17 - (8 + (8 - 6) - -22).
-15
(1 - 50 - (-175 - -155)) + 33
4
Calculate -1 - -28 - ((-53 - -181) + -161).
60
70 + 67 + -99 + -114
-76
What is 25 - 3 - 2 - (-13 - -9)?
24
(-18 - (22 - 36)) + (1 - (-4 - 1))
2
What is -19 + (7 - 21) + -13 - (-9 + 5)?
-42
Calculate -8 + 1 + -4 + (-61 - -125 - 61).
-8
What is the value of (-18 - 8) + 79 - (2 - -5 - -4)?
42
What is (12 + 1 - ((1 - 6) + 29)) + -15?
-26
What is -1 - -4 - (-26 - (-3 + (38 - 103)))?
-39
Evaluate 3 + (-2 + 1 - ((33 - -21) + -80)).
28
Calculate ((-3 - 7) + 8 - 35) + 15 + (1 - 7).
-28
Evaluate 53 - ((46 - -15 - 30) + -32).
54
Calculate -1083 - -1069 - (9 + 1).
-24
Evaluate 6 - -1 - (-13 - (-15 + 14) - -1 - 23).
41
What is (-1 - -2) + 1 + (1174 - 1128) - (11 - -1)?
36
-29 - -1 - ((-310 - -153) + 163)
-34
Calculate 38 - 55 - (3 - (8 - 18) - -12).
-42
What is the value of 52 + -22 + -12 - ((0 - (0 - -3)) + 3)?
18
-1 + 0 + 31 + -62 + 171 + -111 + 10
38
Evaluate 107 - (-81 - -60 - -130).
-2
-46 - (-80 + 141 + -53)
-54
What is 4 + -2 + 117 + 15 + (31 - 35) + -12?
118
What is the value of -82 - (-7 + -28) - (-4 - -37)?
-80
Calculate -77 + (-71 + 126 - 8).
-30
Calculate (5 + -7 - -12) + 0 + -3 - (156 - 93).
-56
Calculate -6 + 17 + (98 - 127).
-18
What is 27 - 15 - -6 - 15 - -7?
10
Evaluate -8 - (3 + -7 - 16) - (16 - 6).
2
Calculate 41 - (-1 - (1 + 5 - -10 - 18)).
40
What is the value of 2 + (0 - -1) - ((-1 - 77) + (-26 - -41))?
66
Calculate -1 + 3 + 3 + (-31 - -27).
1
Calculate (129 - (-31 + 36 + 15)) + -2.
107
Calculate 297 + -321 - (-2 - 64).
42
Evaluate 37 + -31 + 1 + 41.
48
Calculate 81 + -28 + (60 - 72).
41
99 + -100 + 96 + -196
-101
Evaluate -78 - (-122 + 45 - -19).
-20
Evaluate (-2 - (6 - (5 + -1))) + 14 + (24 - 1).
33
What is -7 + (31 + -8 + -22 - 11)?
-17
What is the value of (28 + -25 + 32 - 36) + 0 + 60?
59
Calculate 52 + (-21 + -28 - 17).
-14
What is -75 + 43 - 15 - -92?
45
-11 - (-21 + 9 - -27) - (0 - -21)
-47
Evaluate 10 + -2 + (13 - (69 + -22)) + -14.
-40
What is (-6 - 54) + (35 + -3 + -13 - 9)?
-50
Evaluate -39 + 9 - (240 - 222).
-48
What is the value of 58 + (-12 - -2) + 1 + 8 + (188 - 188)?
57
What is the value of (-261 - -255) + (54 - 55) + (2 - -39)?
34
-43 - (-57 + -24) - (2 + -3 + 3 + 1)
35
What is the value of -21 - (-46 + 14 + -43 + 21)?
33
What is the value of (-1 - -26 - (25 + -25)) + -52?
-27
Evaluate 80 + -182 + -78 - -107.
-73
What is the value of 127 - (113 - (77 - 3))?
88
What is 19 + -19 + -9 + 16 + (3 - 19)?
-9
Calculate -8 + (-28 - (-7 + -4)).
-25
Calculate (-95 - 2) + 16 + 12 + -40 + 5.
-104
154 + (-304 - -155) + -105
-100
What is the value of 491 - 476 - (6 - (5 - -7) - -40)?
-19
-20 + (1 - -4) + 14 + 5
4
Evaluate 27 + -28 + (1 - 1) + 11 + 16 + 12.
38
What is (-243 - -216) + 123 + 2?
98
Calculate 300 + -274 + (-43 - -3).
-14
Evaluate -76 - (10 - (-8 - (18 - 19 - -1))).
-94
What is 10 - -7 - (-4 - (1 - (-11 + 6)))?
27
Evaluate -2 + -11 + 2553 + -2598.
-58
-1 + -2 + 0 + -17 - ((-60 - -80) + -23)
-17
What is (168 + -252 - -3) + (-19 - 0)?
-100
(-5 + 2 - (-87 + -1 + 13)) + (-9 - -1)
64
Calculate (1179 - 1099) + -75 + 2.
7
Evaluate ((-22 - -14) + 18 - -11) + 14 - (1 - 6).
40
Calculate 644 + -702 + (-3 - -4 - -4).
-53
Evaluate -24 - (-44 + 49 + -38).
9
0 - 3 - -2 - ((4 - 10 - -46) + 13)
-54
What is the value of -35 - ((32 - 19) + -64)?
16
What is 4 + (-4 - (9 - (54 - 12)))?
33
What is 33 - (21 - (-33 + 38) - -40)?
-23
Calculate (-24 - 39 - -175) + -5 + -1 - -6.
112
Evaluate -9 + (-25 + -4 - 14).
-52
(-40 + -11 + 32 - -24) + -14
-9
Calculate 32 + 7 + (-5 - -2 - (5 - 8)).
39
(-23 - 3) + (-4 - (2 - 20) - 17)
-29
Evaluate -1 - (-1 + -45 + 33).
12
What is the value of -8632 - -8621 - (-1 + -40)?
30
Evaluate 1 + -12 + (-15 - (-59 - -10) - 37).
-14
Evaluate 46 + -5 - 48 - 10.
-17
Evaluate 19 + (1 - (-14 - -21 - 1)) + -14.
0
0 + -54 + 40 + -42 - -33
-23
Evaluate 55 + 4 + (-14 - (6 - 11)) - 17.
33
-21 - ((-19 - 34) + 60 + -1 + -6)
-21
Calculate -93 - (-24 + -29) - (7 + -2 + -2).
-43
Evaluate -133 + 95 + (-3 - 1) - 6.
-48
5 - (4 + (40 - -2)) - (21 - 45 - -35)
-52
Calculate (5 - (-3 - 0)) + -493 + 430 + (4 - -28).
-23
Calculate 9 - (-53 - -26 - (-6 + 11)).
41
Evaluate 133 - (131 + -46 - 60 - (-3 + (-3 - -20))).
122
Calculate 6 + 3 - (129 + 20 + (-28 - -19)).
-131
Calculate -32 + (-12 - (-28 - 26)) - 13.
-3
Calculate 643 + -643 - (-5 - (0 - -45) - (-1 + 1)).
50
Calculate -49 + 61 + 49 - ((-2 - -